e factors of 14465.
5, 11, 263
What are the prime factors of 1516?
2, 379
List the prime factors of 14037.
3, 4679
What are the prime factors of 3917?
3917
What are the prime factors of 436?
2, 109
List the prime factors of 3979.
23, 173
What are the prime factors of 68623?
163, 421
List the prime factors of 19927.
19927
List the prime factors of 1217.
1217
What are the prime factors of 1586?
2, 13, 61
List the prime factors of 25240.
2, 5, 631
What are the prime factors of 1381?
1381
List the prime factors of 75958.
2, 163, 233
What are the prime factors of 3860?
2, 5, 193
List the prime factors of 30504.
2, 3, 31, 41
What are the prime factors of 815?
5, 163
What are the prime factors of 6043?
6043
What are the prime factors of 17274?
2, 3, 2879
List the prime factors of 9720.
2, 3, 5
What are the prime factors of 10063?
29, 347
What are the prime factors of 1165?
5, 233
List the prime factors of 486.
2, 3
What are the prime factors of 88655?
5, 7, 17, 149
List the prime factors of 17279.
37, 467
List the prime factors of 483.
3, 7, 23
List the prime factors of 4741.
11, 431
List the prime factors of 53927.
53927
What are the prime factors of 8643?
3, 43, 67
What are the prime factors of 135519?
3, 199, 227
What are the prime factors of 31?
31
List the prime factors of 14045.
5, 53
List the prime factors of 106535.
5, 11, 13, 149
What are the prime factors of 3809?
13, 293
What are the prime factors of 14190?
2, 3, 5, 11, 43
What are the prime factors of 3152?
2, 197
What are the prime factors of 4971?
3, 1657
What are the prime factors of 18488?
2, 2311
What are the prime factors of 9498?
2, 3, 1583
What are the prime factors of 12882?
2, 3, 19, 113
What are the prime factors of 55264?
2, 11, 157
What are the prime factors of 1921?
17, 113
List the prime factors of 14672.
2, 7, 131
List the prime factors of 1027.
13, 79
What are the prime factors of 3683?
29, 127
List the prime factors of 68000.
2, 5, 17
List the prime factors of 161058.
2, 3, 17, 1579
What are the prime factors of 21805?
5, 7, 89
What are the prime factors of 2054?
2, 13, 79
What are the prime factors of 107720?
2, 5, 2693
List the prime factors of 4527.
3, 503
What are the prime factors of 4869?
3, 541
List the prime factors of 6259.
11, 569
List the prime factors of 33390.
2, 3, 5, 7, 53
List the prime factors of 8439.
3, 29, 97
List the prime factors of 184.
2, 23
List the prime factors of 11862.
2, 3, 659
List the prime factors of 16283.
19, 857
What are the prime factors of 83768?
2, 37, 283
What are the prime factors of 12890?
2, 5, 1289
What are the prime factors of 732?
2, 3, 61
List the prime factors of 10273.
10273
What are the prime factors of 71928?
2, 3, 37
List the prime factors of 2437.
2437
List the prime factors of 11406.
2, 3, 1901
List the prime factors of 52562.
2, 41, 641
List the prime factors of 6938.
2, 3469
List the prime factors of 80296.
2, 10037
What are the prime factors of 364?
2, 7, 13
List the prime factors of 4231.
4231
List the prime factors of 38149.
38149
What are the prime factors of 2703?
3, 17, 53
What are the prime factors of 10725?
3, 5, 11, 13
What are the prime factors of 1115?
5, 223
List the prime factors of 41206.
2, 11, 1873
What are the prime factors of 11130?
2, 3, 5, 7, 53
What are the prime factors of 13894?
2, 6947
What are the prime factors of 803?
11, 73
List the prime factors of 2354.
2, 11, 107
List the prime factors of 210.
2, 3, 5, 7
What are the prime factors of 1000?
2, 5
List the prime factors of 6611.
11, 601
What are the prime factors of 4662?
2, 3, 7, 37
What are the prime factors of 9577?
61, 157
List the prime factors of 123686.
2, 61843
What are the prime factors of 6911?
6911
What are the prime factors of 8671?
13, 23, 29
List the prime factors of 7020.
2, 3, 5, 13
What are the prime factors of 6630?
2, 3, 5, 13, 17
List the prime factors of 7086.
2, 3, 1181
What are the prime factors of 14948?
2, 37, 101
What are the prime factors of 2051?
7, 293
What are the prime factors of 1896?
2, 3, 79
What are the prime factors of 25154?
2, 12577
What are the prime factors of 2447?
2447
What are the prime factors of 16287?
3, 61, 89
List the prime factors of 5793.
3, 1931
What are the prime factors of 467?
467
What are the prime factors of 7216?
2, 11, 41
What are the prime factors of 849?
3, 283
What are the prime factors of 3465?
3, 5, 7, 11
List the prime factors of 5371.
41, 131
What are the prime factors of 59748?
2, 3, 13, 383
What are the prime factors of 841?
29
What are the prime factors of 31366?
2, 15683
List the prime factors of 2801.
2801
What are the prime factors of 43224?
2, 3, 1801
What are the prime factors of 562?
2, 281
List the prime factors of 962.
2, 13, 37
What are the prime factors of 1358?
2, 7, 97
List the prime factors of 10215.
3, 5, 227
List the prime factors of 568.
2, 71
What are the prime factors of 1421?
7, 29
List the prime factors of 2088.
2, 3, 29
List the prime factors of 7754.
2, 3877
What are the prime factors of 5172?
2, 3, 431
List the prime factors of 5903.
5903
What are the prime factors of 11239?
11239
What are the prime factors of 3065?
5, 613
What are the prime factors of 16250?
2, 5, 13
List the prime factors of 1694.
2, 7, 11
What are the prime factors of 1103?
1103
What are the prime factors of 2318?
2, 19, 61
List the prime factors of 58226.
2, 7, 4159
What are the prime factors of 11667?
3, 3889
List the prime factors of 156.
2, 3, 13
What are the prime factors of 11141?
13, 857
List the prime factors of 81022.
2, 17, 2383
List the prime factors of 3877.
3877
List the prime factors of 111489.
3, 7, 5309
List the prime factors of 27215.
5, 5443
List the prime factors of 49849.
79, 631
What are the prime factors of 26037?
3, 11, 263
List the prime factors of 6411.
3, 2137
What are the prime factors of 19093?
61, 313
What are the prime factors of 371?
7, 53
What are the prime factors of 326?
2, 163
List the prime factors of 2946.
2, 3, 491
What are the prime factors of 623?
7, 89
What are the prime factors of 1097?
1097
List the prime factors of 273.
3, 7, 13
List the prime factors of 1608.
2, 3, 67
What are the prime factors of 1331?
11
What are the prime factors of 3951?
3, 439
What are the prime factors of 2921?
23, 127
List the prime factors of 69666.
2, 3, 17, 683
What are the prime factors of 31660?
2, 5, 1583
List the prime factors of 206.
2, 103
What are the prime factors of 18227?
11, 1657
What are the prime factors of 10439?
11, 13, 73
What are the prime factors of 1161?
3, 43
List the prime factors of 902.
2, 11, 41
List the prime factors of 165831.
3, 167, 331
What are the prime factors of 101343?
3, 11, 37, 83
What are the prime factors of 20742?
2, 3, 3457
What are the prime factors of 46300?
2, 5, 463
List the prime factors of 15221.
31, 491
What are the prime factors of 855?
3, 5, 19
List the prime factors of 43070.
2, 5, 59, 73
What are the prime factors of 55034?
2, 7, 3931
What are the prime factors of 7317?
3, 271
What are the prime factors of 4949?
7, 101
What are the prime factors of 3776?
2, 59
What are the prime factors of 1021?
1021
What are the prime factors of 800?
2, 5
What are the prime factors of 289?
17
List the prime factors of 2202.
2, 3, 367
List the prime factors of 2611.
7, 373
List the prime factors of 2962.
2, 1481
What are the prime factors of 145536?
2, 3, 379
List the prime factors of 34660.
2, 5, 1733
List the prime factors of 2703.
3, 17, 53
List the prime factors of 1029.
3, 7
List the prime factors of 777.
3, 7, 37
What are the prime factors of 2373?
3, 7, 113
List the prime factors of 32723.
43, 761
List the prime factors of 85334.
2, 42667
List the prime factors of 1316.
2, 7, 47
List the prime factors of 2137.
2137
What are the prime factors of 3155?
5, 631
List the prime factors of 98893.
98893
List the prime factors of 10603.
23, 461
List the prime factors of 10391.
10391
List the prime factors of 1092.
2, 3, 7, 13
What are the prime factors of 92257?
11, 8387
List the prime factors of 188246.
2, 61, 1543
What are the prime factors of 68478?
2, 3, 101, 113
What are the prime factors of 131?
131
List the prime factors of 106653.
3, 73, 487
What are the prime factors of 5323?
5323
List the prime factors of 7439.
43,